n 1*-107*(4 - (-4 + 9)) is divided by 11.
8
Let k(t) = -t**2 - 7*t + 1. Let f(s) = -1. Let y(v) = 5*f(v) + k(v). Let w = -19 - -14. Calculate the remainder when 16 is divided by y(w).
4
Let j = -23 - -31. What is the remainder when 28 is divided by j?
4
Let h(i) = -i**2 - 6*i - 1. Let l = 50 + -29. Calculate the remainder when l is divided by h(-3).
5
Let t(k) = -50*k - 8. Let n(r) = 17*r + 3. Let p(d) = -17*n(d) - 6*t(d). Calculate the remainder when 55 is divided by p(2).
17
Let a(x) = -2*x + 10. What is the remainder when 29 is divided by a(0)?
9
Suppose 2*b = 2*w - 40, -3*w + 2*b = -27 - 35. Suppose 5*p + 3 = 8. Suppose 15 + p = 2*a. Calculate the remainder when w is divided by a.
6
Suppose 7*h = 4*h - 12. Let l = 17 + h. Suppose -n - 18 = -2*d, -3*d - d = -4*n - 44. Calculate the remainder when l is divided by d.
6
Let w(c) = c**2 + 5*c + 2. Let a be w(-5). Suppose -5*i - 11 = -2*i - 2*p, a*p + 10 = -4*i. Let x = 1 - i. Calculate the remainder when 10 is divided by x.
2
Let f(r) = -4*r**2 + 26*r + 1. Calculate the remainder when 341 is divided by f(3).
40
Suppose -v - 66 = -4*v. Suppose d - 5*f - v = -3, -d - f + 19 = 0. Calculate the remainder when d is divided by 11.
8
Let i = -1 + 3. Suppose -31 = d - i*d. What is the remainder when d is divided by 11?
9
What is the remainder when 7 is divided by (-8 + 9)/(2/4)?
1
Suppose 5*y = -4*u + 106, 0 = -5*y + 2*y + 3*u + 42. Suppose y = o - 4. Calculate the remainder when o is divided by 12.
10
Suppose 6*s + g = 5*s + 27, 2*s = -4*g + 50. Suppose -f + 13 = -2. What is the remainder when s is divided by f?
14
Suppose -8*m = -9*m + 34. Calculate the remainder when m is divided by 12.
10
Suppose 5*r - 476 - 64 = 0. Calculate the remainder when r is divided by 11.
9
Let v be 9/(-4) + (-1)/(-4). What is the remainder when 25 is divided by 282/30 - v/(-5)?
7
Suppose 5*g - 6 = 2*g. Suppose -g*o + 66 = 3*c + 2*c, 4*o - 48 = -3*c. Calculate the remainder when 46 is divided by c.
10
Let z be 2/(-11) - 35/(-11). Let t = -5 + 5. Suppose t*d = -d + z. Calculate the remainder when 7 is divided by d.
1
Let t be ((-1)/((-2)/6))/(-1). Let w = t + 15. Calculate the remainder when 21 is divided by w.
9
Let i(k) = 2*k**2 + 4*k - 10. Let l = 23 + -2. Calculate the remainder when i(5) is divided by l.
18
Let z(b) = b**2 - 7*b + 7. Let k be z(5). Let p(x) be the second derivative of -5*x**3/6 + 2*x**2 + 3*x. What is the remainder when p(k) is divided by 10?
9
Let b be (0 - 0) + 0 - -4. Suppose b*k = m + 357, -k + 8 = -4*m - 70. Suppose -5*d + k - 20 = 0. Calculate the remainder when d is divided by 5.
4
Suppose 5*t - 4*v - 138 = 0, v - 3*v = 4. What is the remainder when 50 is divided by t?
24
Suppose -p = 4*g - 99, 13 - 93 = -3*g + 5*p. Suppose 4 - 12 = -r. Let c = r - -1. What is the remainder when g is divided by c?
7
Suppose 3*n - 3 = 0, -5*v + 93 = -v + n. Let d(o) = 7*o**2 + o**3 + 2*o**3 + 1 + 0*o**3 - 2*o**3 - o. What is the remainder when v is divided by d(-7)?
7
Suppose -4*g - 5*x + 4*x - 19 = 0, -5*x = 3*g - 7. Let a(w) = w**3 - w**2 + 4*w - 4. What is the remainder when a(3) is divided by (-42)/(-4)*(-8)/g?
12
Let l = 15 - 7. What is the remainder when 30 is divided by l?
6
What is the remainder when 29 + (3 - (-3)/(12/(-8))) is divided by 18?
12
Let b(q) = -q - 4. Let r = -21 + 10. What is the remainder when 12 is divided by b(r)?
5
Let u(b) = b**2 + 3*b - 13. Calculate the remainder when 6 is divided by u(3).
1
Suppose -8 = 3*a - 26. Suppose m + 2 - a = 0. Calculate the remainder when 15 is divided by m.
3
Suppose 0 = 2*m + 19 - 67. Let n = 18 + -9. What is the remainder when m is divided by n?
6
Suppose 2*x + 4*c = 20, 0*x - 11 = -2*x - c. Let i = 7 + x. Suppose -3 = -l + i. Calculate the remainder when 27 is divided by l.
13
Let m = -17 + 28. Suppose 3*k + 2*z + 2*z + 13 = 0, 13 = -5*k + 2*z. What is the remainder when (-4)/(-6) - 94/k is divided by m?
10
Let r(y) = -2*y - 13. What is the remainder when r(-17) is divided by 8?
5
Suppose -2*r - 26 = -4*l, -5*l - 2*r + 20 = -8. Suppose 15 - l = o. What is the remainder when 42 is divided by o?
6
Let r(f) be the first derivative of f**5/120 - f**4/12 - f**3 + 1. Let j(a) be the third derivative of r(a). What is the remainder when j(11) is divided by 3?
0
Let z be ((-2)/8)/(1/(-4)). Let j = 3 - z. Suppose -n + p - j = -4*p, -29 = -2*n - p. Calculate the remainder when n is divided by 7.
6
Suppose 5*c = 2*a - 17, 2*a + c = 5*a - 45. Suppose 0 = -0*s - 4*s + 188. What is the remainder when s is divided by a?
15
Suppose -3*i + 24 + 18 = 0. Suppose 0 = 5*c - 4*y - 36, 24 = 3*c - 53*y + 50*y. What is the remainder when i is divided by c?
2
Let q(k) = -3 + 2 - k + 3 - k**3 + 2*k**2. Let h be q(2). Suppose s + 92 = -0*p + 4*p, h = -4*p + 4*s + 92. Calculate the remainder when p is divided by 8.
7
Calculate the remainder when 67 is divided by ((-1)/(-2))/((-15)/(-510)).
16
Let p(n) = n + 32. What is the remainder when p(6) is divided by 20?
18
Let k = -27 - -40. Suppose -2*b - 3*b - h = -86, -3*b = h - 52. Let o = b - -7. What is the remainder when o is divided by k?
11
Suppose -4*q = 2*s - 70, -49 = -5*q - 2*s + 40. Calculate the remainder when 54 is divided by q.
16
Let d = 7 + -2. Suppose -46 = -2*q - x + 5*x, 3*q = -4*x + 39. What is the remainder when q is divided by d?
2
Suppose 0 = -4*g - 5 + 13. Calculate the remainder when 38 is divided by (-4 + g)*(-1 - 4).
8
Suppose 5*w - z + 205 = -0, 3*z = -15. Calculate the remainder when (w/5)/(8/(-20)) is divided by 12.
9
Suppose 0 = -q + 5. Suppose -u = 2*z - 75, -3*z + 5*u - 79 = -q*z. Calculate the remainder when z is divided by 13.
11
Let s = -14 + 23. What is the remainder when (-5)/((-75)/(-6))*-65 is divided by s?
8
Suppose l - 2*s = s, 2*s = -2*l. Suppose -4*c = -4*a + 64, l = 2*c - 4 + 2. What is the remainder when a is divided by 6?
5
What is the remainder when 18/2 - (12 + -11) is divided by 5?
3
Let a(y) = -y**3 - 7*y**2 + 2*y + 5. Let t be a(-7). What is the remainder when 11 is divided by (-45)/10*12/t?
5
Suppose -5*m = -2*m - 9. Let k(t) = m*t + 1 + 3*t**3 + 2 - 6*t**3 + t**2. What is the remainder when k(-2) is divided by 13?
12
Let g = 4 - 4. Suppose g = 3*b - 0*b - 75. What is the remainder when b is divided by 13?
12
Suppose -7*u + 3*u + 2*q + 94 = 0, -5*u + 104 = 2*q. Suppose -j + u = j. Calculate the remainder when 30 is divided by j.
8
Suppose 2*d + 0*d = 4*i - 116, 2*i - 62 = 2*d. What is the remainder when 79 is divided by i?
25
Calculate the remainder when 95 is divided by -18*(-8)/36*6.
23
Let u = -22 + 37. What is the remainder when ((-3)/(-3))/((-1)/(-43)) is divided by u?
13
Let t(r) = -7*r. Let p be t(3). Let h = -13 - p. What is the remainder when 29 is divided by h?
5
Suppose -38 = -5*m - 13. Suppose 0 = 3*h - m*h + 64. Suppose -3*o = 4*t - 0*o - 56, 2*o = -4*t + 52. Calculate the remainder when h is divided by t.
10
Let z(n) = n**2 - 3*n + 1. Calculate the remainder when 5 is divided by z(3).
0
Suppose -6 = -2*s + 4. Let x be 4220/25 + 1/s. Suppose 3*g - 6*b + 5*b = x, 3*b = -3. Calculate the remainder when g is divided by 19.
18
Let x(q) = 13*q**2 + q - 2. Calculate the remainder when x(2) is divided by 18.
16
Let x(i) = -2*i + 30. Calculate the remainder when 94 is divided by x(7).
14
Let a(y) = -y**3 + 9*y**2 - 9*y + 3. Let q(f) = f**3 + 13*f**2 - 6*f - 49. What is the remainder when a(6) is divided by q(-13)?
28
Let c(s) = -3*s**3 - 2*s**2 + 1. Calculate the remainder when c(-2) is divided by 9.
8
Let b(a) = -2*a**2 + 1 - 2*a**2 + 6*a**2 - a + 1. Calculate the remainder when b(4) is divided by 11.
8
Let m(j) = j**3 - 7*j**2 + 6*j + 7. What is the remainder when 25 is divided by m(6)?
4
Let a(p) = -96*p + 1. Calculate the remainder when a(-1) is divided by 33.
31
Calculate the remainder when 18 - (14 - 4)/(-5) is divided by 11.
9
Let p(b) = -b + 37. Calculate the remainder when p(0) is divided by (80/24)/((-2)/(-6)).
7
Let t be (-15)/(6/(-2))*5. Suppose t = 4*h - q + 8, -5*h + 35 = -4*q. Calculate the remainder when 5 is divided by h.
2
Let z = 42 + -12. Suppose 9*a - z = 6*a. Suppose 0 = 3*l - 4*l + 37. What is the remainder when l is divided by a?
7
Let f = 22 - -3. Let a(v) = v**2 - 5*v + 3. Let c be a(3). Calculate the remainder when f is divided by c/6 + (-38)/(-4).
7
